t is the greatest common factor of m and 21?
7
Let z be 4 + -3 + (-4)/(-2). Suppose -2*x - 5 = -z*x. Calculate the greatest common factor of 5 and x.
5
Let s(z) = z**3 + 8*z**2 - 13*z - 12. Let v be s(-9). Suppose d - 10 - v = 0. Let m = -106 + 191. Calculate the highest common divisor of d and m.
17
Let m(v) = v**3 - 4*v**2 - 2*v + 10. Let f be m(7). Let y be -3 - (14 - 14) - -14. Calculate the greatest common divisor of f and y.
11
Let k be (-10)/6*9*70/(-21). What is the greatest common divisor of 250 and k?
50
Let k be (24/16)/((-2)/(-24)). Let p = -30 - -12. Let i be ((-2)/(-4))/((-1)/p). Calculate the greatest common factor of i and k.
9
Suppose -12*c = -10*c - 5*s - 155, -277 = -4*c - s. Calculate the highest common factor of 105 and c.
35
Let r = -4 + -3. Let a be (r/14)/(2/(-312)). Calculate the highest common factor of a and 26.
26
Let u = 2 + 10. Let g(p) = p**3 + 10*p**2 + 6*p - 3. Let t be g(-9). Calculate the highest common factor of t and u.
12
Let d be -245 + (-5)/(-2)*(-16)/(-20). Let x = -11 - d. Calculate the greatest common factor of 29 and x.
29
Let j be 145 + -1*(-4 + 0). Suppose -191 - j = -10*t. Let y = 52 - 1. What is the highest common divisor of t and y?
17
Let x(j) = 3*j - 13. Let l be x(-4). Let g = l - -41. What is the greatest common factor of 208 and g?
16
Let k = 122 + -193. Let b be ((-3)/(6/(-58)))/(-1). Let i = b - k. What is the highest common factor of 28 and i?
14
Let u(a) be the third derivative of 17*a**6/120 + a**5/20 - a**4/6 + a**3/3 + 16*a**2. Let r be u(1). What is the highest common factor of r and 6?
6
Let u = 454 + -430. Calculate the highest common divisor of u and 64.
8
Suppose -563 + 131 = -12*k. Calculate the greatest common divisor of k and 54.
18
Let b be 60/((-110)/11) - 4*-383. Calculate the greatest common factor of 14 and b.
14
Let y(j) = -j**2 + 8*j - 4. Suppose -4*w - 3*w = -28. Let a be y(w). Calculate the highest common factor of a and 12.
12
Let l be 540/35 - 14 - (-4)/7. What is the greatest common factor of 77 and l?
1
Let w = -2 - -8. Suppose -3*j + w*j = 24. Suppose 5*k - 317 = -37. What is the highest common factor of k and j?
8
Let q be 2950/(-80)*-2 - (-21)/(-12). What is the greatest common factor of q and 72?
72
Let h(u) = -u**3 - 4*u**2 - 3*u + 3. Let d be h(-3). Suppose p + 151 = 5*r + 43, 3*r - 3*p = 72. What is the highest common divisor of r and d?
3
Let k = -535 + 1015. What is the greatest common factor of k and 30?
30
Let k be 1 + -2 - (-31 - 5). Let x be (-7)/((-7)/(6 + 1)). What is the greatest common divisor of x and k?
7
Let v = -34 - -108. Calculate the highest common divisor of 666 and v.
74
Suppose 0 = 5*o - 2*f - 52, 2*o = 4*f + f + 4. What is the greatest common factor of o and 132?
12
Let b(y) = y - 1. Let j be b(4). Suppose 14 + 22 = 12*c. Let z be j - c/((-9)/156). What is the greatest common factor of 5 and z?
5
Let k(b) = -b**3 + 12*b**2 + 7*b + 1. Let i be k(12). Let p = -216 + 233. What is the highest common divisor of i and p?
17
Let h = 92 + 762. Calculate the highest common divisor of 28 and h.
14
Let t(j) = -7 - j + 4*j + 0*j**2 + 4*j**2 + 0*j**2. Let l be t(6). Calculate the greatest common divisor of l and 62.
31
Suppose 97*j = 132*j - 2170. Calculate the highest common divisor of j and 1116.
62
Let t be (4 - (-11)/(-3))*0. Suppose t = -8*w - 13 + 261. What is the greatest common divisor of 217 and w?
31
Let j be 3036/(-60) - 3/(-5). Let z = 71 + j. What is the greatest common factor of 147 and z?
21
Let d = 28 + -40. Let c be (50/(-20))/(2/d). Calculate the highest common factor of c and 10.
5
Suppose 0 = -0*c + 5*c - 20. Suppose -4*s + c*z + 83 = -3*s, 89 = s - z. What is the greatest common divisor of s and 13?
13
Let s = 32 - 11. Let d(a) = 4*a - 29. Let c be d(8). Let x be (-4)/(-1) + 98 + c. What is the greatest common divisor of s and x?
21
Let d = 25 - -488. Calculate the highest common factor of d and 76.
19
Let z be -15*(-10)/45*306. Let g be (z/2)/3 + -2. What is the greatest common divisor of g and 21?
21
Let q be -74*(-2)/14 - (-8)/(-14). Calculate the highest common divisor of q and 830.
10
Let v be (-4)/(-10) - (-68)/5. Let m be 1*(-12)/4 - -12. Suppose -5*f + m + 14 = 2*x, 33 = 2*x - 5*f. Calculate the greatest common factor of v and x.
14
Let u = -112 - -69. Let j = -38 - u. Calculate the greatest common factor of 40 and j.
5
Let x = 21 + -5. Let b = 18 - x. Calculate the greatest common divisor of 8 and b.
2
Let b be (12/(-5))/((-6)/15) - 1. Let t be 1/4 - (-7)/4. Suppose -t*c - b = -17. Calculate the greatest common divisor of c and 54.
6
Suppose 2*b = o - 27, b = -b + 2*o - 26. Let p be ((-84)/(-49))/((-2)/b). Calculate the highest common factor of p and 84.
12
Suppose 6*o - 13*o + 9506 = 0. What is the highest common factor of o and 14?
14
Suppose 4*w - j - 1088 = 0, 4*w + 3*j = -0*w + 1088. What is the highest common divisor of w and 32?
16
Let u(k) = k**3 + 7*k**2 - 28*k + 2. Let s be u(4). What is the greatest common factor of s and 6?
6
Let p(x) = -6*x**3 - 6*x**2 - 11*x - 18. Let r be p(-5). What is the highest common divisor of r and 98?
49
Suppose -3*w + 2*m = 5*m - 3, w + 3*m + 1 = 0. Let a be (1/(-2))/(w/(-36)). Let j(t) = -t - 2. Let p be j(-5). What is the greatest common divisor of a and p?
3
Let f be ((-1)/(-3))/(((-52)/270)/(-26)). Calculate the highest common divisor of 225 and f.
45
Let t(v) = 59*v**2 + v. Let c be t(-1). Calculate the greatest common divisor of c and 145.
29
Let i be 2/6 - 13/3. Let k be (-3)/i + (-477)/(-36). Calculate the greatest common divisor of 7 and k.
7
Let c be (63/(-3))/(6/(-26)). What is the greatest common divisor of c and 13?
13
Let a be 164 - (-2 - -2) - (4 + -1). Calculate the greatest common divisor of a and 46.
23
Let t(k) = k**2 + 16*k - 8. Let y be t(-18). What is the greatest common divisor of 21 and y?
7
Let f be 0 - (-6 - (-4020)/(-5)). What is the greatest common divisor of f and 54?
54
Let p(t) = -t**3 + 8*t**2 - t + 5. Let b be p(8). Let a be 3*(b - -4 - -1). Let m = 22 + 44. What is the greatest common divisor of m and a?
6
Let g = 14 - 12. Suppose 3*u + 231 = 4*x, 0 = 4*x - g*u + 6*u - 196. Calculate the highest common factor of x and 81.
27
Let q = -735 - -1090. What is the greatest common divisor of q and 15?
5
Let p(r) = r**3 + 10*r**2 - r + 10. Let d be p(-9). What is the highest common factor of 80 and d?
20
Let h(a) = -172*a - 6. Let y be h(12). Let w be y/(-27) + ((-4)/3)/2. Calculate the greatest common factor of w and 19.
19
Suppose 428 + 4 = 9*o. Calculate the highest common divisor of 56 and o.
8
Suppose 8*x - 6*x - 2*g - 1268 = 0, 0 = -5*x + g + 3190. What is the greatest common divisor of x and 9?
9
Let r = -1155 + 1300. What is the greatest common factor of r and 35?
5
Let s = -1 - 3. Let h be 15*s*(-3)/15. Suppose h = a + 1. What is the greatest common divisor of 55 and a?
11
Let y be (-4)/(-56)*-20*-7. Suppose 4*l + 6 = 66. Calculate the highest common factor of y and l.
5
Let o = 58 + -47. Let f(q) = q**3 - 11*q**2 + 7. Let w be f(o). Suppose -1 = -z + 5*x + 6, -3*x = 0. Calculate the highest common factor of w and z.
7
Suppose -10*y = -101 - 19. Calculate the highest common factor of 6 and y.
6
Let d = 0 + 3. What is the greatest common factor of 75 and d?
3
Suppose -4*l = l - 40. Let r(c) = -4*c**2 + 58*c - 30. Let x be r(14). Let d be 4/l - 179/x. Calculate the highest common divisor of 36 and d.
18
Let t be 1/2 + (-38)/(-4). Suppose 4*u + v + 4 = 22, 0 = u - 2*v - 9. Calculate the highest common divisor of t and u.
5
Suppose 5*p - 6 = 9, -4*i - 4*p = -40. Calculate the highest common divisor of i and 7.
7
Suppose 5*m - s - 312 = 0, 3*s + 192 = 3*m + 4*s. Let a be (-3 + 2 - 6)/(-1). What is the highest common factor of m and a?
7
Suppose 72 = 2*k + 22. Calculate the greatest common divisor of k and 20.
5
Let p = 8 + -1. Suppose 0*y = y - p. Let f = 1399 + -1350. Calculate the highest common factor of y and f.
7
Let g be (-6958)/(-10) - 2*1/(-10). Calculate the highest common divisor of 48 and g.
24
Suppose -x = 5*s - 4*x - 234, 3*s - 3*x = 144. Suppose 0 = -0*n - 3*n + 15, 5*a = -3*n + s. What is the highest common divisor of 48 and a?
6
Suppose 4*o - 669 = 2*c + 23, -3*o = c + 331. Let j = 676 + c. What is the greatest common factor of 